d(-30).
5, 103
Let h = -11794 + 30476. List the prime factors of h.
2, 9341
Let b(c) = 41*c**2 - 27*c + 137. List the prime factors of b(6).
1451
Let c be (-114)/9*15/(-10) - -1. Suppose -3*d = -4*d - 5, -c = 5*z + 3*d. List the prime factors of 144 - -12 - (0 + z).
157
Suppose -15064 = -4*w - 2*a, 16*a - 19*a = 0. List the prime factors of w.
2, 7, 269
What are the prime factors of (-1 - (-6)/3)*479*1?
479
Suppose 33144 = c + 5*d, -5*c + 16*d + 165867 = 20*d. What are the prime factors of c?
33179
Let r = -7608 + 33070. List the prime factors of r.
2, 29, 439
What are the prime factors of ((-13692)/63 - -16)/((-4)/342)?
2, 3, 19, 151
Let y = 57454 + -36432. List the prime factors of y.
2, 23, 457
Let r(q) = -905*q - 156. List the prime factors of r(-5).
17, 257
Suppose 230247 - 317489 = -27*q + 310603. List the prime factors of q.
5, 7, 421
Suppose -10*m + 11*m + 106219 = 3*j, 2*j = 2*m + 70818. List the prime factors of j.
5, 73, 97
Let v = -77 - -134. Suppose 420 = v*c - 52*c. Let k = 5 + c. What are the prime factors of k?
89
Suppose -i + 4*p - 3402 + 48986 = 0, i - 45548 = -2*p. What are the prime factors of i?
2, 5, 17, 67
Suppose 4*q = 145 + 175. Suppose -11*x + 8*x + 177 = 0. Let s = x + q. List the prime factors of s.
139
Let u = 4781 - 1676. List the prime factors of u.
3, 5, 23
Let i(d) = -d**3 + 5*d**2 + 22*d + 23. Let z be i(8). Let a(n) = 56*n + 54. List the prime factors of a(z).
2, 223
Let n = 5051 - 4003. What are the prime factors of n?
2, 131
Suppose 397 + 35 = 18*x. Let k(p) = -22*p - 7. Let i be k(-6). Let a = x + i. List the prime factors of a.
149
Let c(o) = o**3 + 2*o**2 - 31*o + 3. Let u be c(4). What are the prime factors of ((-750)/4 + 1)*(-27 - u)?
373
Let i = -40 + 42. Suppose 0 = -x + 5, 4*f - 4*x = i*f + 602. What are the prime factors of f?
311
Suppose -13*t - 8*t + 206706 = -351306. List the prime factors of t.
2, 7, 13, 73
Let j = -3562 + 9089. List the prime factors of j.
5527
Let c = 136 - 53. Let j be -5*(-2 + 1)*-7. Let z = c + j. What are the prime factors of z?
2, 3
Suppose -m - 969 = 3*o, 15 = -6*m + m. Let k = 362 + o. List the prime factors of k.
2, 5
Suppose 10*s + 37703 = 12*s - 5*t, -94175 = -5*s - 4*t. What are the prime factors of s?
18839
Let b = -7501 - -40981. What are the prime factors of b?
2, 3, 5, 31
Let r(o) = o + 13. Let z be r(-13). Suppose 4*f + 30 - 318 = z. List the prime factors of f*((-4)/30)/((-2)/10).
2, 3
Let b(g) = -34*g + 11 + 9 + 0 - 5. What are the prime factors of b(-15)?
3, 5, 7
Suppose 2*q = -4*f + 8, -2*q + 2 = 3*f - 4. Let j = f - -63. Suppose 436 = 3*i + 3*w - j, -5*w = -i + 191. What are the prime factors of i?
3, 19
Let k = 19 - -153. Suppose -280 = -2*a + 4*x, -x - 32 = a - k. Suppose -2*g = -3*r - r + a, 4*g + 105 = 3*r. What are the prime factors of r?
5, 7
Let l(t) = 179*t**2 - 20*t + 4. List the prime factors of l(-6).
2, 821
Let u be 11*(5 - 6) - (-6 - -2). Let x(i) = -3*i**3 - 4*i**2 - 67*i - 11. List the prime factors of x(u).
1291
Let l(i) be the first derivative of -5*i**2/2 - 142*i + 2. Let m be l(0). Let o = m - -289. What are the prime factors of o?
3, 7
Let g(w) = -w**3 + 10*w**2 + 8*w - 58. Let a be g(7). What are the prime factors of (a + -4 + 3)*230/20?
2, 3, 23
Let d(s) = -19*s + 14. Let m(n) = -18*n + 15. Let o(f) = 4*d(f) - 5*m(f). Let c be ((-216)/(-84))/((-3)/(-14)). What are the prime factors of o(c)?
149
Let a = 223 - 455. Let d = 326 + a. What are the prime factors of d?
2, 47
Suppose 3*j - 4*j = -2*b - 3626, 0 = b. What are the prime factors of j?
2, 7, 37
Let b = 20 + -15. Suppose b*g - 282 = -2*u, 4*g - 5*u = 7*g - 173. List the prime factors of g.
2, 7
Let k(u) = 166*u + 7. Suppose 0 = 3*a + 20 - 53. List the prime factors of k(a).
3, 13, 47
Suppose f = -2*p - 0*f + 319, -5*p - 2*f = -796. Let g = 616 + p. What are the prime factors of g?
2, 3, 43
Suppose 0 = -3*n - 3*w + 22836, 2*n - 4*w - 1558 - 13702 = 0. What are the prime factors of n?
2, 13, 293
Suppose 594353 = 108*g - 14*g + 151143. What are the prime factors of g?
5, 23, 41
Suppose 5*k - 186 - 20 = -2*l, -5*k = l - 203. List the prime factors of 14935/k - (-42)/(-112).
373
Suppose -19838 + 15015 = 9*f - 96200. What are the prime factors of f?
11, 13, 71
Suppose -39*m - 80522 = -4*d - 44*m, -3*m + 40260 = 2*d. What are the prime factors of d?
3, 2237
Let m(q) = 9*q - 28. Let r be m(13). Let z = r + -49. Suppose b = d + 5*b + 5, 0 = -4*d - 4*b + z. What are the prime factors of d?
3, 5
Let f = 15713 - -7857. What are the prime factors of f?
2, 5, 2357
Let a(s) = -2324*s - 101. What are the prime factors of a(-4)?
3, 5, 613
List the prime factors of (14 - 23)*(-5938)/9.
2, 2969
Let v(j) = 12*j**2 - 109*j - 2466. What are the prime factors of v(-47)?
5, 19, 307
What are the prime factors of 135/12 - 55/44 - -10840?
2, 5, 7, 31
Let s = -742 - -10661. List the prime factors of s.
7, 13, 109
Let y be 2*(-3 + 1) - -31. Suppose 0 = 2*r, -r - 2*r = -3*n + y. Let z = n - -164. List the prime factors of z.
173
Let q(n) = n + n - 4*n - 16 + 4*n. Let u be q(10). List the prime factors of 4/18 + u/((-72)/(-986)).
5, 11
Let o(j) = j**2 - 2*j + 1. Let m be (5/(-2))/((-5)/12). Let c be (-9)/m*(-24)/9. What are the prime factors of o(c)?
3
Let u(z) = 4*z**2 + 12*z + 13. Let l be u(-7). Suppose 4*f + 7 = 3, -2*q + l = 3*f. Suppose q = 3*h - 4*v + 3*v, -5*v = 3*h - 40. List the prime factors of h.
2, 5
Let w = -23856 + 44950. List the prime factors of w.
2, 53, 199
Let k(s) = 90*s**3 + 9*s**2 + 17*s - 81. List the prime factors of k(3).
3, 827
Let r be ((-2)/6)/((-27)/81). What are the prime factors of (-41)/(410/(-3192)) - r/5?
11, 29
Let m be 25248/(-80)*(-1)/(-2)*10. Let g be (14/3 - 4)*m/(-4). Let i = g + -138. What are the prime factors of i?
5
Let a(o) = 4 - 64 - 43*o - 4. List the prime factors of a(-32).
2, 41
Suppose 4*r + 5*g + 946 = 25749, 4*r = -2*g + 24806. What are the prime factors of r?
2, 7, 443
Let i(z) = z**2 - 15*z + 30. Let x be i(13). Suppose -9*g = -x*g - 1675. What are the prime factors of g?
5, 67
Suppose -2*c - 5*d + 2 = -6*d, -c = -d - 1. List the prime factors of (-286)/(-1) - (c + -2 + -1).
2, 3
Let z(q) = 19*q**2 - 32*q + 414. What are the prime factors of z(27)?
3, 1489
Let i(h) = -43 - 117 - 226*h - 54*h. What are the prime factors of i(-6)?
2, 5, 19
Let z(b) = 11*b**2 + 95*b - 10. List the prime factors of z(37).
2, 3, 7, 13, 17
Let i be -2*3/18 + 3/9. Suppose i = 7*c + c - 6856. What are the prime factors of c?
857
Suppose -756056 - 582152 = -254*l + 758816. List the prime factors of l.
2, 3, 43
Let y = 100 - 79. Suppose 295 = 26*v - y*v. Let t = 67 - v. List the prime factors of t.
2
Let n(m) = 2*m**3 - 49*m**2 + 24*m + 44. What are the prime factors of n(25)?
3, 47
Suppose 3*n - 13072 = -r + 20862, 0 = -n + 2*r + 11302. What are the prime factors of n?
2, 3, 5, 13, 29
Let n(s) = s**2 - 68*s - 903. What are the prime factors of n(-23)?
2, 5, 7, 17
Let s be -12 + -1 + (-15)/((-15)/(-4)). Let g(m) = m**2 + 11*m - 8. What are the prime factors of g(s)?
2, 47
Let t(q) = -4*q + 17. Let c be t(9). Let o(f) be the first derivative of -f**4/4 - 20*f**3/3 - 21*f**2/2 + 20*f + 5. What are the prime factors of o(c)?
2, 29
Suppose -309 = 95*j - 97*j - 3*t, 0 = 5*j - t - 730. List the prime factors of j.
3, 7
Let r(v) = v**2 - 59*v + 125. Suppose 104 = 2*d - 3*a, -d = 3*a + 15 - 85. What are the prime factors of r(d)?
67
Let x be (31 + -31)*1/(-2). Suppose -21*t + 10*t + 1232 = x. What are the prime factors of t?
2, 7
Suppose 3*h - 2868 = -2*v + 3334, 5*v + 2*h - 15483 = 0. Suppose 865 = 18*a - v. List the prime factors of a.
2, 5, 11
Suppose -5*b - 5 = 0, -b = -2*v - 0*b - 11. Let p be (44/v)/(((-28)/66)/7). Suppose -p = 4*w - 393. What are the prime factors of w?
2, 17
Let g(s) be the first derivative of s**4/4 - 2*s**3 + 7*s**2/2 - 6*s + 4. Let r be (-18)/12*8/(2 - 4). What are the prime factors of g(r)?
2, 3
Let u be 3*5/(-30)*-6. Let b(p) = -p**2 - 3*p**3 - p + 157 - u*p**3 - 156. List the prime factors of b(-2).
47
Let m(z) = z**3 + 24*z**2 - 20*z + 110. List the prime factors of m(-19).
3, 5, 17
Let f be 2/(2*(-2)/(-114)). Let g be (-4)/(-6) - 1235/f. What are the prime factors of (1 - -1)*18/(-12)*g?
3, 7
Suppose -4*h + 2*l = -70654, -3*h + 2505 + 50508 = 3*l. Suppo